 0. What is the units digit of x?
4
Suppose 3*c - 4 = v, -3*c + 2 + 12 = v. Suppose -d + 92 = v*w - 185, -w = 2. What is the hundreds digit of d?
2
Suppose -2*s = -10*s - 768. Let b = 84 + s. Let h(v) = -v**3 - 10*v**2 + 18*v + 19. What is the units digit of h(b)?
1
Suppose 5*m = 2*m + 9. Let g be 6 - ((-6)/m + 3). Let r(s) = 5*s**2 - 12*s + 1. What is the units digit of r(g)?
6
Let s = -64085 + 94569. What is the thousands digit of s?
0
Suppose -j - 14 = 33. Let m = 1173 + -1192. Let s = m - j. What is the tens digit of s?
2
Let k(h) = 1693*h**3 - 15*h - 22. Let c be k(-5). What is the hundreds digit of c/(-204) + 6/(-51)?
0
Let k(c) = 14*c + 12. Let d(z) = -2*z. Let j(s) = 6*d(s) + k(s). What is the units digit of j(5)?
2
Let j(u) = -2006*u**3 + 10*u**2 - u + 6. What is the tens digit of j(-3)?
6
Suppose -5*g = 5*n - 425, -n - 4*g - 2 = -90. What is the units digit of 5/(n*(-65)/(-1090) - 5)?
5
Let y = 935 - 929. Let i = 871 - 436. Suppose i - 1359 = -y*p. What is the hundreds digit of p?
1
Suppose 3*l + 907 - 19902 = -r, -3*r + 4*l = -57024. What is the tens digit of r?
0
Let j(c) = -107*c + 6. Let m be j(-1). Let s = 133 - m. What is the units digit of (s*55/(-30))/(1/(-3))?
0
Suppose -4*f - 5*x = -4834, -10*f + 5*x = -8*f - 2372. What is the hundreds digit of f?
2
Let n be ((-18)/10)/(2/(-10)). Suppose 4*i - 3*m = -35, -2*m - 21 - n = 4*i. Let f(w) = w**2 - w - 19. What is the tens digit of f(i)?
5
Suppose -7 = -m - 2, -5*m = 5*a - 50. Suppose y - y = a*y. Suppose y = 30*n - 27*n - 162. What is the units digit of n?
4
Let i = -17 - 400. Let t = i + 662. Suppose 5*x + 0*x + 5*h = t, 3*x - 4*h - 182 = 0. What is the units digit of x?
4
Let z(a) = -2*a**3 + 10*a**2 + 60*a + 17. What is the tens digit of z(-10)?
1
Suppose 103*j - 183520 = 83*j. What is the units digit of j?
6
Let o(r) = -5*r**3 + r**2 + 6*r + 5. Let w be o(-1). Suppose -w*a + 2367 = -3*m, -a + 3*m = -6*a + 2343. Suppose 39*s - a = 36*s. What is the tens digit of s?
5
Let x(s) = -s**3 - s**2 - s - 4. Let a be x(-2). Suppose 3*h - 530 = -2*k + 4*k, a*h - 365 = -k. What is the hundreds digit of h?
1
Let y be -246 + 0 + -33 + 33. Let t = -33 - y. What is the units digit of t?
3
Let k(b) = -b**3 + 12*b**2 - 15*b - 11. Let x(g) = -g**3 + 11*g**2 - 13*g - 11. Let j(d) = 4*k(d) - 5*x(d). What is the tens digit of j(7)?
4
Suppose -g + 5*w + 13759 = 3*w, 2*g + 4*w = 27526. What is the ten thousands digit of g?
1
Let k = 172349 + -104464. What is the thousands digit of k?
7
Suppose 5*q - 11 - 4 = 0. Suppose q*z - 13 = 4*h, 5*h + 2 = 3*h. Suppose z*o + 3*w = w + 70, -5*w = -o + 12. What is the tens digit of o?
2
Let g(d) = -32*d**3 + d**2 - 4*d + 2. Let q be g(1). What is the tens digit of (-135)/(-6)*(-220)/q?
5
Suppose 2*z - 12 = -z. Suppose 4*y + 3*q = 6*q + 128, 0 = -3*y + z*q + 89. Let m = 188 - y. What is the hundreds digit of m?
1
Suppose -5*j - 2215 = 2*c - 6976, -5*j = 3*c - 4759. Suppose 5*a = 3*l + j, l + 571 = 3*a - 0*a. What is the units digit of a?
0
Let b be (-2701)/146*(1 + -137). Let u = 3618 - b. What is the tens digit of u?
0
Let w(c) = 32*c - 2. Let f be w(7). Suppose 0*p + f = 3*p. What is the tens digit of 1/((1/(-8))/(p/(-8)))?
7
Suppose 8*u - 10 = 3*u. Suppose -u*h = s - 17, 3*h + 13 - 36 = -s. What is the tens digit of (-1104)/(-36)*h/4?
4
Let o = -822 + 770. Let c = -206 + 385. Let j = c + o. What is the tens digit of j?
2
Let u(g) = g**3 - 25*g**2 - 23*g - 145. What is the units digit of u(28)?
3
Suppose -4*c + d = 9003, -c - 615 = -5*d + 1631. Let z = -1249 - c. What is the thousands digit of z?
1
Let l = 1578 + -1528. Suppose 7 = -3*a - 5, 2*a = 5*h + 62. Let u = l - h. What is the units digit of u?
4
Let v(o) be the first derivative of -2*o**4/3 + 5*o**3/3 + 11*o**2 + 23. Let h(d) be the second derivative of v(d). What is the units digit of h(-7)?
2
Suppose -2*l = z + 4304, -13*z = -18*z - l - 21502. What is the tens digit of z/(-14) + 20/(-140)?
0
Suppose -p - 1598 = 4*u, -2*p - 1997 = 5*u - p. Let y = u + 633. What is the tens digit of y?
3
Let b = 1126 + -109. Let a = b + 1860. What is the tens digit of a/33 - (-10)/(-55)?
8
Let o(y) = y**3 - 3*y - 7. Let r = 45 - 43. Suppose -4*p - u + 0*u = -19, 0 = 5*p - r*u - 14. What is the units digit of o(p)?
5
Suppose v - 591178 = -10*d - v, 4*d - 5*v - 236477 = 0. What is the thousands digit of d?
9
Let n be (-46)/(-14) + ((-480)/(-84) - 6). Suppose -3*l + n*y - 5062 = -7*l, l - 1275 = 4*y. What is the units digit of l?
7
Let g = -1693 - -3316. Let b = -1065 + g. What is the units digit of b?
8
Let i = -15139 - -24708. Suppose 16*p = i + 447. What is the hundreds digit of p?
6
Suppose 0 = 5*t - 10*t + 3190. Let l = t + 414. What is the hundreds digit of l?
0
Suppose 7334 = 3*h + 4*r, 30*h - 31*h - 3*r + 2438 = 0. Let a(m) = -3*m. Let n be a(-2). What is the units digit of 2/n + h/30?
2
Let l = 46536 - 28009. What is the hundreds digit of l?
5
Let j = -619 - -624. Suppose 17289 = -j*z + 22*z. What is the thousands digit of z?
1
What is the units digit of (11 + -6 - 6)*-721?
1
Suppose 6*r - 18 = -54. Let o be ((-1287)/(1 + 2))/((-6)/r). Let w = -306 - o. What is the units digit of w?
3
Suppose 4*t + 5392 = 4*v, 0 = v + t - 96 - 1248. What is the units digit of v?
6
Suppose 4928*z - 87227 = 4921*z. What is the ten thousands digit of z?
1
Let p be (3*8/6)/(12 + -11). Let v be (0/3 - -6)/(6/p). Suppose 0 = -k + 4*a + a + 54, -2*k + v*a = -90. What is the tens digit of k?
3
Let i = 536 - 813. Let v = i - -435. What is the hundreds digit of v?
1
Let k = 48520 + -24828. What is the tens digit of k?
9
Suppose 6*v + 308 + 490 = 0. Let y = 316 + v. What is the tens digit of y?
8
Let x(m) = 2*m**3 + 67*m**2 - 54*m - 28. Let w(d) = -7*d**2 - 20*d - 2. Let i be w(-4). What is the hundreds digit of x(i)?
6
Let t = 13521 - 7664. What is the hundreds digit of t?
8
Suppose 2*b - 91677 = -3*g, 81*g = 77*g + b + 122214. What is the tens digit of g?
5
Suppose 891 = -j + 3*j - 3*n, -5*j + 4*n = -2224. Let s = j - 246. What is the hundreds digit of s?
1
Let w = 130 + -126. Suppose -3*b + w = -p - 4, 2*b = p + 6. What is the units digit of (p - -2) + 78 + 0 + 0?
8
Suppose 39*p - 7195 = 34*p. Let k = p - 630. What is the units digit of k?
9
Let i = -1004 - -1986. Suppose -4*m = 3*w - i, -4*m - 541 = -2*w + 127. What is the hundreds digit of w?
3
Suppose 0 = -3*q, 5*q = 4*s - 0*q - 2848. What is the hundreds digit of (30/12)/(1 + (-708)/s)?
4
Let s(j) = -12*j - 4. Let c be s(-2). Let o(a) = -a**3 - 9*a - 11*a - 18*a**2 - 15 + 8 + c. What is the tens digit of o(-17)?
6
Suppose -2*n - 20092 = -2*r, 3*r + 4*n + 97 = 30193. What is the hundreds digit of r?
0
Suppose -8*y + 37 = 5. Suppose 0 = 2*a + y*q - 24, 6*a - q + 9 = 8*a. Suppose 2*b - 40 = -2*t, 3 = -t + a*t. What is the units digit of b?
7
Suppose -1018 = -10*a + 382. Suppose -3*q = -9, a + 187 = 2*r + q. What is the tens digit of r?
6
Let j = -16926 - -17976. What is the thousands digit of j?
1
Suppose -4*o + 130 = o. Let s be (2/(-8))/(4/(-8))*o. Suppose -s = -n + 21. What is the units digit of n?
4
Let a = 730 + 3133. What is the hundreds digit of a?
8
Suppose 6187*r - 183570 = 6129*r. What is the units digit of r?
5
Let d = -16874 + 28563. What is the ten thousands digit of d?
1
Suppose 3*n - 36 - 78 = -4*g, -g + 40 = -5*n. Suppose -5*i = -2*i + g. What is the tens digit of (-438)/(-30) + (-4)/i?
1
Let b be (5 - 4)/(-2)*2. Let n be -3 - (-8 + 1) - 55/b. Let v = n + -27. What is the tens digit of v?
3
What is the units digit of 2 - 891/(-11)*18?
0
Let t(z) = 186*z + 1151. What is the units digit of t(9)?
5
Suppose -3*u - n + 13 = 0, 5*u - 3*n + 14 = 9*u. What is the units digit of (412/u)/(24/20 - 1)?
2
Let a(r) = -14*r**3 + 5*r**2 + 3*r + 6. Let g be (1 - -2) + -6 - 1. Let y be a(g). Suppose y + 50 = 6*n. What is the tens digit of n?
7
Let v(i) = -1051*i - 34. What is the thousands digit of v(-4)?
4
Let t = 206 - 194. Let z(f) = 5*f - 23. Let q(c) = 4*c - 23. Let d(s) = -5*q(s) + 6*z(s). What is the tens digit of d(t)?
9
Let g(u) = 16*u - 1. Let y be g(0). What is the units digit of 1/y + (413 - (5 + -1))?
8
Suppose 3*w - 3 = 3*o, 4*w - 3*o - 8 = -7. Let b be (-56)/(-26) + (-10)/65 + w. What is the tens digit of b + 186 - 0/10?
8
Let m(g) = 9*g**2 - 16*g + 11. Suppose 2*h + 3*